{"id":65574,"date":"2013-07-16T18:11:56","date_gmt":"2013-07-16T16:11:56","guid":{"rendered":"http:\/\/www.prenzlberger-stimme.de\/?page_id=65574"},"modified":"2014-08-06T08:43:10","modified_gmt":"2014-08-06T06:43:10","slug":"favorit-empor-hatte-mit-karow-keine-muhe","status":"publish","type":"page","link":"https:\/\/prenzlberger-stimme.net\/?page_id=65574","title":{"rendered":"Favorit Empor hatte mit Karow keine M\u00fche"},"content":{"rendered":"<p><a href=\"https:\/\/www.prenzlberger-stimme.net\/wp-content\/uploads\/2013\/07\/00111.jpg\"><img loading=\"lazy\" decoding=\"async\" src=\"https:\/\/www.prenzlberger-stimme.net\/wp-content\/uploads\/2013\/07\/00111.jpg\" alt=\"001\" width=\"670\" height=\"504\" class=\"alignleft size-full wp-image-65592\" srcset=\"https:\/\/prenzlberger-stimme.net\/wp-content\/uploads\/2013\/07\/00111.jpg 670w, https:\/\/prenzlberger-stimme.net\/wp-content\/uploads\/2013\/07\/00111-300x225.jpg 300w\" sizes=\"auto, (max-width: 670px) 100vw, 670px\" \/><\/a><\/p>\n<p>&nbsp;<br \/>\n<a href=\"https:\/\/www.prenzlberger-stimme.net\/wp-content\/uploads\/2013\/07\/0028.jpg\"><img loading=\"lazy\" decoding=\"async\" src=\"https:\/\/www.prenzlberger-stimme.net\/wp-content\/uploads\/2013\/07\/0028-300x207.jpg\" alt=\"002\" width=\"300\" height=\"207\" class=\"alignleft size-medium wp-image-65577\" srcset=\"https:\/\/prenzlberger-stimme.net\/wp-content\/uploads\/2013\/07\/0028-300x207.jpg 300w, https:\/\/prenzlberger-stimme.net\/wp-content\/uploads\/2013\/07\/0028.jpg 450w\" sizes=\"auto, (max-width: 300px) 100vw, 300px\" \/><\/a>Bereits in den Anfangsminuten wurde klar: \u00dcberraschungen waren in diesem Spiel nicht zu erwarten.<br \/>\nDer Berlinligist beherrschte das Geschehen klar, schon nach zehn Minuten ging Empor durch ein Tor von Paul Malzahn in F\u00fchrung.<\/p>\n<p>Sieben Minuten sp\u00e4ter folgte der zweite Treffer. Karows Keeper konnte zwar einen Empor-Schuss noch kl\u00e4ren, doch  die Nordpankower bekamen den Ball nicht aus ihren Strafraum heraus. Robert G\u00e4rtner war zur Stelle \u2013 2:0. <\/p>\n<p>In der 29. Spielminute war  Tor Nummer Drei.<\/p>\n<p><a href=\"https:\/\/www.prenzlberger-stimme.net\/wp-content\/uploads\/2013\/07\/0038.jpg\"><img loading=\"lazy\" decoding=\"async\" src=\"https:\/\/www.prenzlberger-stimme.net\/wp-content\/uploads\/2013\/07\/0038-300x211.jpg\" alt=\"003\" width=\"300\" height=\"211\" class=\"alignright size-medium wp-image-65589\" srcset=\"https:\/\/prenzlberger-stimme.net\/wp-content\/uploads\/2013\/07\/0038-300x211.jpg 300w, https:\/\/prenzlberger-stimme.net\/wp-content\/uploads\/2013\/07\/0038.jpg 800w\" sizes=\"auto, (max-width: 300px) 100vw, 300px\" \/><\/a>Spieaufbau aus der eigenen H\u00e4lfte, Paul Malzahn la\u00fcft bis fast zur Torline vor, dr\u00fcckt dort aus spitzem Winkel ab &#8211; 3:0.<\/p>\n<p>Die eigentlich  als \u00e4u\u00dferst  robust bekannte Karower Abwehr machte bei  allem keine  gute Figur, zu unkoordiniert und wirkten die Aktionen.<br \/>\n&nbsp;<br \/>\nIn der zweiten Halbzeit keien wesentliche \u00c4nderung der Situation. zwar lie\u00df es Empor die ersten zehn Minuten etwas ruhiger angehen, doch dann legte sich die Mannschaft wieder ins Zeug.<br \/>\nDas 4:0 erzielte Coral in der 57. Spielmimute nach einem Lauf aus dem Mittelfeld &#8211; unbedr\u00e4ngt von der Karower Verteidigung. das f\u00fcnfte Empor-Tor des Tages kam von Martin Kemter &#8211; es war zugleich das letzte dieses Spiels.<\/p>\n<p>&nbsp;<\/p>\n<p><a href=\"https:\/\/www.prenzlberger-stimme.net\/wp-content\/uploads\/2013\/07\/0049.jpg\"><img loading=\"lazy\" decoding=\"async\" src=\"https:\/\/www.prenzlberger-stimme.net\/wp-content\/uploads\/2013\/07\/0049.jpg\" alt=\"004\" width=\"670\" height=\"423\" class=\"alignleft size-full wp-image-65596\" srcset=\"https:\/\/prenzlberger-stimme.net\/wp-content\/uploads\/2013\/07\/0049.jpg 670w, https:\/\/prenzlberger-stimme.net\/wp-content\/uploads\/2013\/07\/0049-300x189.jpg 300w\" sizes=\"auto, (max-width: 670px) 100vw, 670px\" \/><\/a><\/p>\n<p><a href=\"https:\/\/www.prenzlberger-stimme.net\/wp-content\/uploads\/2013\/07\/0057.jpg\"><img loading=\"lazy\" decoding=\"async\" src=\"https:\/\/www.prenzlberger-stimme.net\/wp-content\/uploads\/2013\/07\/0057.jpg\" alt=\"005\" width=\"670\" height=\"509\" class=\"alignleft size-full wp-image-65597\" srcset=\"https:\/\/prenzlberger-stimme.net\/wp-content\/uploads\/2013\/07\/0057.jpg 670w, https:\/\/prenzlberger-stimme.net\/wp-content\/uploads\/2013\/07\/0057-300x227.jpg 300w\" sizes=\"auto, (max-width: 670px) 100vw, 670px\" \/><\/a><\/p>\n<p><a href=\"https:\/\/www.prenzlberger-stimme.net\/wp-content\/uploads\/2013\/07\/0067.jpg\"><img loading=\"lazy\" decoding=\"async\" src=\"https:\/\/www.prenzlberger-stimme.net\/wp-content\/uploads\/2013\/07\/0067.jpg\" alt=\"006\" width=\"670\" height=\"388\" class=\"alignleft size-full wp-image-65598\" srcset=\"https:\/\/prenzlberger-stimme.net\/wp-content\/uploads\/2013\/07\/0067.jpg 670w, https:\/\/prenzlberger-stimme.net\/wp-content\/uploads\/2013\/07\/0067-300x173.jpg 300w\" sizes=\"auto, (max-width: 670px) 100vw, 670px\" \/><\/a><\/p>\n<p><a href=\"https:\/\/www.prenzlberger-stimme.net\/wp-content\/uploads\/2013\/07\/0075.jpg\"><img loading=\"lazy\" decoding=\"async\" src=\"https:\/\/www.prenzlberger-stimme.net\/wp-content\/uploads\/2013\/07\/0075.jpg\" alt=\"007\" width=\"670\" height=\"451\" class=\"alignleft size-full wp-image-65599\" srcset=\"https:\/\/prenzlberger-stimme.net\/wp-content\/uploads\/2013\/07\/0075.jpg 670w, https:\/\/prenzlberger-stimme.net\/wp-content\/uploads\/2013\/07\/0075-300x201.jpg 300w\" sizes=\"auto, (max-width: 670px) 100vw, 670px\" \/><\/a><\/p>\n<p><a href=\"https:\/\/www.prenzlberger-stimme.net\/wp-content\/uploads\/2013\/07\/0085.jpg\"><img loading=\"lazy\" decoding=\"async\" src=\"https:\/\/www.prenzlberger-stimme.net\/wp-content\/uploads\/2013\/07\/0085.jpg\" alt=\"008\" width=\"670\" height=\"478\" class=\"alignleft size-full wp-image-65600\" srcset=\"https:\/\/prenzlberger-stimme.net\/wp-content\/uploads\/2013\/07\/0085.jpg 670w, https:\/\/prenzlberger-stimme.net\/wp-content\/uploads\/2013\/07\/0085-300x214.jpg 300w\" sizes=\"auto, (max-width: 670px) 100vw, 670px\" \/><\/a><\/p>\n<p><a href=\"https:\/\/www.prenzlberger-stimme.net\/wp-content\/uploads\/2013\/07\/0096.jpg\"><img loading=\"lazy\" decoding=\"async\" src=\"https:\/\/www.prenzlberger-stimme.net\/wp-content\/uploads\/2013\/07\/0096.jpg\" alt=\"009\" width=\"670\" height=\"466\" class=\"alignleft size-full wp-image-65602\" srcset=\"https:\/\/prenzlberger-stimme.net\/wp-content\/uploads\/2013\/07\/0096.jpg 670w, https:\/\/prenzlberger-stimme.net\/wp-content\/uploads\/2013\/07\/0096-300x208.jpg 300w\" sizes=\"auto, (max-width: 670px) 100vw, 670px\" \/><\/a><\/p>\n<p><a href=\"https:\/\/www.prenzlberger-stimme.net\/wp-content\/uploads\/2013\/07\/0125.jpg\"><img loading=\"lazy\" decoding=\"async\" src=\"https:\/\/www.prenzlberger-stimme.net\/wp-content\/uploads\/2013\/07\/0125.jpg\" alt=\"012\" width=\"670\" height=\"518\" class=\"alignleft size-full wp-image-65603\" srcset=\"https:\/\/prenzlberger-stimme.net\/wp-content\/uploads\/2013\/07\/0125.jpg 670w, https:\/\/prenzlberger-stimme.net\/wp-content\/uploads\/2013\/07\/0125-300x231.jpg 300w\" sizes=\"auto, (max-width: 670px) 100vw, 670px\" \/><\/a><br \/>\n <\/p>\n<p>&nbsp;<\/p>\n<h3>\n<p>Galerie<\/p>\n<\/h3>\n<p>F\u00fcr die einzelne Betrachtung der \u00fcber 50  Fotos das entsprechende Bild anklicken.<\/p>\n<p>F\u00fcr die Betrachtung als Dia-Show: <strong>\u201c<em>PicLens<\/em>\u201d <\/strong>anklicken<\/p>\nngg_shortcode_0_placeholder\n<p> <\/p>\n<p>&nbsp;<\/p>\n<h3><a href=\"https:\/\/www.prenzlberger-stimme.net\/?page_id=65098\"> Zur\u00fcck zur Hauptseite des Exerpokals 2013<\/a><br \/>\n<\/h3>\n<p> <\/p>\n<p>&nbsp;<\/p>\n","protected":false},"excerpt":{"rendered":"<p>&nbsp; Bereits in den Anfangsminuten wurde klar: \u00dcberraschungen waren in diesem Spiel nicht zu erwarten. Der Berlinligist beherrschte das Geschehen klar, schon nach zehn Minuten ging Empor durch ein Tor von Paul Malzahn in F\u00fchrung. Sieben Minuten sp\u00e4ter folgte der zweite Treffer. Karows Keeper konnte zwar einen Empor-Schuss noch kl\u00e4ren, doch die Nordpankower bekamen den [&hellip;]<\/p>\n","protected":false},"author":1,"featured_media":0,"parent":65098,"menu_order":0,"comment_status":"open","ping_status":"open","template":"","meta":{"_monsterinsights_skip_tracking":false,"_monsterinsights_sitenote_active":false,"_monsterinsights_sitenote_note":"","_monsterinsights_sitenote_category":0,"ngg_post_thumbnail":0,"footnotes":""},"categories":[],"tags":[1695,889,1696,1689,1694],"class_list":["post-65574","page","type-page","status-publish","hentry","tag-bsv-empor","tag-exerpokal","tag-sv-karow","tag-top","tag-vorrunde"],"aioseo_notices":[],"_links":{"self":[{"href":"https:\/\/prenzlberger-stimme.net\/index.php?rest_route=\/wp\/v2\/pages\/65574","targetHints":{"allow":["GET"]}}],"collection":[{"href":"https:\/\/prenzlberger-stimme.net\/index.php?rest_route=\/wp\/v2\/pages"}],"about":[{"href":"https:\/\/prenzlberger-stimme.net\/index.php?rest_route=\/wp\/v2\/types\/page"}],"author":[{"embeddable":true,"href":"https:\/\/prenzlberger-stimme.net\/index.php?rest_route=\/wp\/v2\/users\/1"}],"replies":[{"embeddable":true,"href":"https:\/\/prenzlberger-stimme.net\/index.php?rest_route=%2Fwp%2Fv2%2Fcomments&post=65574"}],"version-history":[{"count":0,"href":"https:\/\/prenzlberger-stimme.net\/index.php?rest_route=\/wp\/v2\/pages\/65574\/revisions"}],"up":[{"embeddable":true,"href":"https:\/\/prenzlberger-stimme.net\/index.php?rest_route=\/wp\/v2\/pages\/65098"}],"wp:attachment":[{"href":"https:\/\/prenzlberger-stimme.net\/index.php?rest_route=%2Fwp%2Fv2%2Fmedia&parent=65574"}],"wp:term":[{"taxonomy":"category","embeddable":true,"href":"https:\/\/prenzlberger-stimme.net\/index.php?rest_route=%2Fwp%2Fv2%2Fcategories&post=65574"},{"taxonomy":"post_tag","embeddable":true,"href":"https:\/\/prenzlberger-stimme.net\/index.php?rest_route=%2Fwp%2Fv2%2Ftags&post=65574"}],"curies":[{"name":"wp","href":"https:\/\/api.w.org\/{rel}","templated":true}]}}